x) = -x**3 - 3*x**2 - x - 2. Let v be s(-3). Let r = 15049 + -15043. What is the remainder when (-2 + 1)/(v/(-21)) is divided by r?
3
Let u(x) = 11*x**2 - 10*x + 177. What is the remainder when 1033 is divided by u(-5)?
29
Let v(p) = 12*p + 10. Let i be v(-2). What is the remainder when (-6)/i - 1170/(-63) is divided by 4?
3
What is the remainder when 689 is divided by 1*6 - (306 + -351)?
26
What is the remainder when 575 is divided by (-12)/32*2/(-6) + 6314/176?
35
Let y = 5448 - 5447. Calculate the remainder when 1 is divided by y.
0
Let t(u) = -4*u**3 + 77*u**2 - 26*u + 146. Suppose -4*j - 2*r + 141 = -r, -5*j + 160 = -2*r. What is the remainder when j is divided by t(19)?
8
Suppose 22*q - 1324 + 290 = 0. Suppose -32*v + q*v = 150. Calculate the remainder when 79 is divided by v.
9
Let b = -15391 + 18417. What is the remainder when b is divided by 94?
18
Let m = 761 + -366. Let h = m + -218. Let g = h + -105. What is the remainder when g is divided by 19?
15
Let i = -258 + 281. Let z(r) = -r**3 - 8*r**2 - 12*r - 7. What is the remainder when z(-8) is divided by i?
20
Suppose 8*v + 249 = 369. Suppose 2*d + 53 = 197. What is the remainder when d is divided by v?
12
Suppose 13 = h + 4*g, 5*g + 6 = 2*h + 3*g. Let m(x) = 8*x**2 - x. What is the remainder when m(3) is divided by h/(-2)*19/((-95)/18)?
6
Let y(j) = -13*j**3 - 83*j**2 - 35*j + 5. Suppose -2*h + 0*h = x + 20, -3*h - 2*x - 30 = 0. What is the remainder when y(-6) is divided by 4*-3*h/12?
5
Suppose -6*g + 3*g - 1 = 4*s, 0 = -5*g - 15. Suppose -s*t = 0, 5*t + 38 = w + 28. Calculate the remainder when 177 is divided by w.
7
Suppose -6*m = -5*m + 15. Let w = m + 21. Suppose y = 3 + w. Calculate the remainder when 26 is divided by y.
8
Suppose 14643*y = 14646*y - 119013. Calculate the remainder when y is divided by 36.
35
Suppose 0 = 17*r - 139 - 276 - 2356. What is the remainder when 376 is divided by r?
50
Let p = 51 - 46. Suppose 0 = -3*k - 2*j + 4, 7*k - 3*k - 10 = -p*j. Suppose k = 2*w - 124 - 70. What is the remainder when w is divided by 17?
12
Suppose -24*z + 21599 = 1199. Calculate the remainder when z is divided by 184.
114
Let i(g) = g**2 - 9*g - 29. Let u be i(11). Suppose -3*h + 342 = -2*q, -4*q + 100 = h - 0*h. What is the remainder when h is divided by u/((-7)/2)*(-115)/(-10)?
20
Suppose 12*c = 11*c + 37*c - 8100. What is the remainder when 889 is divided by c?
214
Let f be 12/8 + (-900)/(-24). Let d(q) = -2*q**2 + 78*q + 32. What is the remainder when d(f) is divided by 16?
0
Let d(y) = 134*y + 12761. Calculate the remainder when 597 is divided by d(-94).
102
Suppose 4*n = -10 + 42. Calculate the remainder when (-16 + 0)*(-10143)/7056 is divided by n.
7
Let p(i) = -15*i + 2458. What is the remainder when 516 is divided by p(130)?
8
Let s(u) = 28 - 801*u**2 + 1609*u**2 + 11*u - 807*u**2. Calculate the remainder when s(-16) is divided by 16.
12
Let h(g) = -3*g**2 - 296*g + 1344. What is the remainder when (-117)/(-7) + 4/14 is divided by h(-103)?
2
Suppose -857 = -x - 792. Let b = 48 + -23. Calculate the remainder when x is divided by b.
15
Let i = -1762 - -1845. Let x(p) = 4*p - 3. Let n(q) = q - 1. Let v(w) = 15*n(w) - 3*x(w). What is the remainder when i is divided by v(9)?
20
Suppose -34216*y = -34209*y - 203. What is the remainder when 62 is divided by y?
4
Suppose 0 = s - 6, 973*i - 969*i + 2*s - 1104 = 0. What is the remainder when i is divided by 65?
13
Let p = -496 + 764. Suppose 70 = -6*q + p. What is the remainder when 98 is divided by q?
32
Let r be (-8)/(-2) + -77 + (-2 - -3). Let l = r - -84. Suppose 51 = 14*z - 11*z. Calculate the remainder when z is divided by l.
5
Let k(z) = z**3 + 5*z**2 - 336*z + 35. Calculate the remainder when k(-18) is divided by 7.
2
Let b = -154 - -206. Let v = b - 33. Calculate the remainder when 71 is divided by v.
14
Suppose 4*q = -3*f + 694, 4*q - 5*f - 437 = 273. Calculate the remainder when 14346 is divided by q.
171
Suppose -5*m - 928 = 3*t, -t - t + 183 = -m. Let r = -145 - m. What is the remainder when r is divided by 17?
6
Let m(s) = -s**3 + 2*s**2 + 6*s + 3. Let t be m(-2). Suppose t*p + 2 = 184. Suppose -21*x + p*x - 245 = 0. Calculate the remainder when x is divided by 14.
7
Let g(o) = -o**3 + 28*o**2 + 29*o - 432. What is the remainder when g(27) is divided by 55?
35
Suppose 0 = 270*w - 45338 - 50242. What is the remainder when w is divided by 208?
146
Calculate the remainder when 73 is divided by (-4 + 95/20)/(45/4380).
0
Suppose 0 = -207*y + 202*y + 10395. What is the remainder when y is divided by 10?
9
Let m = -691 - -1098. Suppose 1069 = 6*a - m. What is the remainder when a is divided by 8?
6
Suppose 0 = 19*q - 5990 + 882 + 719. Calculate the remainder when 467 is divided by q.
5
Let b = -15025 - -15779. What is the remainder when 9806 is divided by b?
4
Suppose -39*l = -422 - 7. Let a(v) = 4*v - 5. Calculate the remainder when l is divided by a(3).
4
Let k = 553 - 73. Suppose -j - k = -5*t, -3*t - 6 = 5*j - 294. What is the remainder when t is divided by 14?
12
Suppose 0*q - 2*q = -20. Let n(z) = z**3 - 11*z**2 + 12*z - 15. Let t(l) = -l**2 + 133*l - 4284. Calculate the remainder when t(78) is divided by n(q).
1
Let p(l) = -2*l**2 - 34*l - 14. Let u be p(-16). Suppose -184 = -u*w + 122. Calculate the remainder when 93 is divided by w.
8
Let s(v) = -6*v + 45. Let w be s(0). Suppose 0*k - 5*k = 3*y - 181, k - w = -5*y. Suppose -23 - 253 = -4*d. Calculate the remainder when d is divided by k.
34
Suppose 400 = 28*b - 197 - 19. Calculate the remainder when 337 is divided by b.
7
Let w(l) = 9*l + 76. Let m(o) = -9*o - 75. Let n(k) = 5*m(k) + 4*w(k). What is the remainder when 1546 is divided by n(-18)?
90
Suppose a - 6*m + 7*m = 339, -3*a + 3*m + 1035 = 0. Suppose 0 = 10*f - f - a. Calculate the remainder when 63 is divided by f.
25
Suppose -8*i - 11*i = -2394. Suppose 0 = 4*d - 5*t - 51, t - 36 = 5*d - i. Calculate the remainder when 24 is divided by d.
5
Suppose -152044 = 79*s - 604*s + 107831. What is the remainder when s is divided by 458?
37
Suppose -12*y + 140 = 92. Suppose 966 = y*x - 146. Calculate the remainder when x is divided by 20.
18
Suppose 4*j = i + 582, -4*j = -4*i - 173 - 427. Calculate the remainder when 1297 is divided by j.
1
Let x(g) = g**3 - 3*g**2 - 4. Let q be x(3). Let j = 10 + q. Let f(t) = t**3 - 31*t**2 + 100*t - 427. Calculate the remainder when f(28) is divided by j.
3
Let u be (-8)/(-12)*(-1530)/(-12). Let k = 61 + -2. Let o = u - k. What is the remainder when o is divided by 14?
12
Let r(o) = 8*o**3 + 7*o**2 + 5*o + 5. Let w be r(-4). Let m = w + 424. What is the remainder when 313 is divided by m?
7
Let m(a) = -110*a - 1655. What is the remainder when 873 is divided by m(-19)?
3
Let q be 24/2 + (-2)/1 - 2. Let r = q + 170. Calculate the remainder when r is divided by 36.
34
Let o(p) = -p**3 + 13*p**2 - 2*p - 106. Let a be o(12). Suppose -22*y - a*y + 936 = 0. What is the remainder when 233 is divided by y?
25
Let v(r) = 0 - 2 - 33*r - 2. What is the remainder when v(-3) is divided by (156860/161)/20 + (-4)/(-14)?
46
Suppose -10 = -5*j - 35. Let b(f) = -f**2 - 2*f + 17. Let x be b(j). Suppose x*g + 6 = 36. Calculate the remainder when 27 is divided by g.
12
Let l be (-30)/50 - 202/5. Let x = l + 92. What is the remainder when 99 is divided by x?
48
Suppose 1116 = d + 36. What is the remainder when d is divided by 34?
26
Suppose -u = -14 + 9. What is the remainder when 331 is divided by 2*(54/4 + u)?
35
Let n be 1 + 35/11 - 22/121. Suppose 3*s - n*l = -2*s + 101, 3*s + 2*l - 65 = 0. What is the remainder when 100 is divided by s?
16
Suppose 5*f - 19 - 6 = -5*k, -10 = 2*f. Calculate the remainder when 1586 is divided by k.
6
Let p = 361 - 320. Suppose 155 = p*x - 36*x. Calculate the remainder when 122 is divided by x.
29
Let s(r) = r**3 + 20*r**2 - 1275*r + 15. What is the remainder when s(-47) is divided by 7?
3
Let v(x) = -x**3 - 7*x**2 + 17*x + 31. Let d be v(-9). Suppose d*p - 32*p = 112. Calculate the remainder when p is divided by 12.
2
Suppose 5*w + 46 = -4*x, 46 = -3*x - 3*w + 10. Let c(j) = 4*j + 133. What is the remainder when c(x) is divided by 20?
17
Calculate the remainder when (1*1765/(-15))/(10/15 + -1) is divided by 75.
53
Suppose -10126 - 90012 = -17*q + 2610. What is 